-45. What is the units digit of b?
4
Let d = 42 - 39. What is the units digit of d/(3 + 0) - 242/(-2)?
2
Suppose 12*t - 4*t = -472. Let j = t + 123. What is the units digit of j?
4
Suppose 5 = -5*p, -4*p - p + 3 = 4*b. Suppose 2*l + 21 = 5*j + 3*l, j = b*l + 13. Suppose -o + j*o - 32 = 0. What is the units digit of o?
8
Let k(s) = -173*s**3 - 3*s**2 - 12*s - 12. What is the units digit of k(-3)?
8
Let m(x) = 2*x + x + 3 + x - 3*x. Let o be m(-3). Suppose o = -3*a - 3 + 9. What is the units digit of a?
2
What is the tens digit of -5 - (3 + (-657 - 6))?
5
Let x be (18/(-8))/((-3)/12). Let j = 14 + x. What is the tens digit of j?
2
Suppose 326 = 2*z - 2*d + 4*d, 4*z - 5*d = 634. What is the units digit of z?
1
Let f = 1024 - 313. What is the units digit of f?
1
Let m(y) = 2*y**2 - 7*y - 21. Let t be m(9). Suppose 5*c - 37 = t. What is the tens digit of c?
2
Suppose -8*r = -65*r + 105507. What is the tens digit of r?
5
What is the tens digit of 10/(-3) + 10/30 - -56?
5
Suppose -3*y + 1 = -2. Let j(n) = -n**2 - 9*n + 5. Let p be j(-8). Suppose d + y = p. What is the units digit of d?
2
Let q = 3416 + -2182. What is the hundreds digit of q?
2
Suppose 53*y + 112 = 54*y. What is the hundreds digit of y?
1
Suppose 0 = 4*f + 8, 5*b - 5*f - 45 = 40. Let v = b + 34. What is the units digit of v?
9
Let c be 8/(-28) + 30/7. Suppose 2*v = -c*s + 3*s + 2, -v + 1 = 5*s. What is the units digit of v?
1
Let q = 367 + -107. What is the tens digit of q?
6
Suppose -27 - 5 = -4*o. Suppose -6*c + o*c = 150. What is the tens digit of c?
7
Let t(x) = -10*x + 3. Let k(i) = -20*i + 7. Let m(y) = -6*k(y) + 13*t(y). What is the units digit of m(-2)?
7
Suppose 7*u - 6*u - 5 = 0. Suppose -u*i - 576 = -11*i. What is the tens digit of i?
9
Suppose 0*g = 3*g + 9. Let m be (g/6)/(-1)*4. Suppose -2*b - 4 + 14 = -4*q, -5*q + 28 = m*b. What is the units digit of b?
9
Suppose 15*h = 30220 + 3710. What is the thousands digit of h?
2
Let u be (135/(-6))/(-1 - (-5)/8). Suppose -3*i + u = y - 235, -4*i = 4*y - 388. What is the tens digit of i?
9
Suppose -4*p - 444 = -4*s, 3*s + 6*p - 333 = p. What is the hundreds digit of s?
1
Let z(t) = t**3 + 5*t**2 + t - 4. Let d be z(-4). Suppose -3*f - d = -4*u + 1, -2*f = -2. Suppose -u*x + 4*x - 47 = 0. What is the tens digit of x?
4
Let b be 2/(-5) - 64/40. Let l(a) = 6*a**2 + 3. What is the tens digit of l(b)?
2
Suppose n - 2*n + 4*f - 7 = 0, 0 = -3*f + 6. Suppose -n = -3*d + 5. What is the units digit of d?
2
Suppose 0*g - 2*g + 10 = 0. Suppose -g*s - d = -0*d - 269, -4*s + 200 = -3*d. What is the tens digit of s?
5
Let y = 85 - 86. What is the tens digit of (47 - -2)/(1 - 0) - y?
5
Let a = 6 - 3. Suppose -3 = -3*l, -a*l = 4*h + 2 + 3. What is the units digit of (68/(-8) + h)*-2?
1
Let c = 120 - 36. What is the units digit of (c/(-15) + 2)*210/(-9)?
4
Suppose 0*l + 33 = 3*l. Let j = 13 - l. Suppose 0 = 4*g - 2*w + w - 38, j*w = -2*g + 24. What is the units digit of g?
0
Suppose 0 = m + 4*s - 21, -3*s + 1 = -11. Suppose 4*z + 51 = 5*b, 0 - 6 = -b + m*z. What is the units digit of b?
1
Let h = 5526 - 2676. What is the tens digit of h?
5
Suppose 25*l - 97531 = 44344. What is the units digit of l?
5
Let j(m) = -3*m**3 + 2*m**2 - 1. Let h be j(1). Let n = h - -5. What is the tens digit of (-62 - 0)/((-6)/n)?
3
What is the units digit of 711/((-9)/(-1)) + 1*4?
3
Let g = 99 + -101. What is the tens digit of (4/4)/g*-156?
7
Let v = -24 + 14. Let j(r) = -r**3 - 11*r**2 - 11*r - 4. Let b be j(v). What is the units digit of b/18 + (-94)/(-6)?
6
Suppose -820 = 1111*o - 1116*o. What is the hundreds digit of o?
1
Suppose 1275 + 1561 = 4*o. What is the tens digit of o?
0
Suppose 3*t + 3 + 0 = 0. Let l be 2 - (t - (-2)/(-1)). What is the units digit of (-45)/6*(-8)/l?
2
Let x(g) = g**3 + 7*g**2 - 9*g + 1. Let z be x(-8). Suppose -2*d = -z*d + 679. What is the units digit of d?
7
What is the units digit of (38112/16)/((-9)/6*-1)?
8
Let g(a) be the third derivative of a**4/24 - 7*a**3/6 + 3*a**2. Let y be g(10). Suppose n + y*n + 118 = 5*l, 0 = l + 5*n - 12. What is the tens digit of l?
2
Let l be ((-1)/1 - 0)*4/(-2). What is the tens digit of 55/l*60/75?
2
Let j = 233 + -71. What is the tens digit of (j/(-12))/(-9)*20/1?
3
Let t be ((-90)/4)/(6/(-16)). Suppose -2*w - n + 123 = 0, 5*w - t = 4*w - 2*n. What is the units digit of w?
2
Let t = 89 + -91. What is the tens digit of t*2/(16/4) - -34?
3
Let v = 80 + 45. Suppose 0 = -c + 5*o + 137, 2*c - v = c + o. What is the units digit of c?
2
Suppose 16*i = 2947 + 2525. What is the hundreds digit of i?
3
Let w(g) = -g**3 + 10*g**2 - 7*g + 30. Let q be w(9). Suppose -b = -o + 41 + q, o = 3*b + 83. What is the tens digit of o?
9
Suppose -2*t - 805 = -5*q, -5*q + 1395 = 5*t + 555. What is the hundreds digit of q?
1
Suppose -9*i + 9489 + 825 = 0. What is the hundreds digit of i?
1
Suppose t - 32 = 3*c - 8, -4*t = -3*c - 132. Let h be 6/33 + (1296/(-44))/(-3). Suppose h*u - 14*u = -t. What is the units digit of u?
9
Let s(l) = 200*l**2 + 10*l - 12. What is the hundreds digit of s(2)?
8
Let c(n) = -4*n - 72. Let y be c(-19). Suppose -6*m = -m + 5*w - 1495, -2*m - y*w = -588. What is the tens digit of m?
0
Let m(s) = s**3 + 8*s**2 - 10*s - 12. Let t be m(-9). Let y be 9 + t + -1 + 0. Suppose y*b - 210 = 70. What is the units digit of b?
6
Let r be 8 + (3 - 4) + -3. What is the tens digit of (-2)/r*144/(-2)?
3
Let y(b) = -2*b**2 - 8*b - 4. Let x be y(-3). Suppose -x*j = 4, -k + 5*j + 7 = -54. What is the tens digit of k?
5
Let h = 19 - 17. Suppose 4*c - 910 = h*c. What is the tens digit of ((-8)/(-10))/(13/c)?
2
Let w = -5 - -9. Let x be (20/25)/(8/(-20)). What is the units digit of (-8)/w - -2 - x?
2
Suppose -5*f = 5*i - 1950, 5*i - 4 = 6. Suppose -2*t + f = w, -w + 3*w + t - 791 = 0. What is the tens digit of 1/4 + w/8?
5
Let g = 2668 + 58. What is the thousands digit of g?
2
Suppose 48 = -2*w - 2*w. Suppose 0 = -5*q - 3*s + 127, s - 123 = -5*q - s. Let g = q + w. What is the tens digit of g?
1
Let v be (10/(-8))/((-3)/12). Let c(l) = l**3 + 5*l**2 + 5*l - 6. Let y(n) = -n**3 - n + 1. Let x(j) = c(j) + 2*y(j). What is the tens digit of x(v)?
1
Let u(p) = 76*p + 2. What is the tens digit of u(12)?
1
Let a(u) = -4*u - 1. Let j be a(-1). Let w(s) = 4*s - 16. Let p be w(5). Suppose -j*n + 4*n - 41 = -p*d, 3*d + 4*n = 21. What is the units digit of d?
1
Suppose j - 8 = 2*n, 0*j = 3*j + 3*n - 6. Suppose -j*t = 5*q - 722, 0 = -4*t + 3*q - q + 736. What is the hundreds digit of t?
1
Let w = -14 - 6. Let t = w - -23. Suppose -t*z = -4*z + 10. What is the tens digit of z?
1
Suppose 20*q - 7680 = -2040. What is the tens digit of q?
8
Let h be (-5532)/(-16) + 15/(-20). Suppose -x + 69 = 3*v, 3*v - v = 5*x - h. What is the tens digit of x?
6
Let z(c) = -c - 2. Let w be z(2). Let a(d) = -8*d + 5. What is the tens digit of a(w)?
3
Suppose -7*b - 96 = -3*b. Let g = b + 40. What is the units digit of g?
6
Let v(u) = u**3 + 42*u**2 - 49*u - 22. What is the units digit of v(-43)?
6
Suppose -980*w + 989*w = 11772. What is the tens digit of w?
0
Let c = 105 - 77. Suppose -166 = -2*q - 3*g + c, q = 2*g + 111. What is the hundreds digit of q?
1
Suppose -4*r = -116 + 104. Suppose -4*p = -z - 4*z + 705, 0 = -r*z - 4*p + 455. What is the units digit of z?
5
Suppose 0 = 31*m - 23*m - 5552. What is the units digit of m?
4
Let s = 116 + -83. Suppose s = -h + 6. What is the units digit of (-29)/(-3) + (-9)/h?
0
What is the tens digit of (597/4)/((-9)/(-24))?
9
Let c(j) = j**3 + 5*j**2 - 7*j - 8. Let k be c(-6). What is the tens digit of (k*1)/(3*4/(-222))?
3
Let n(o) be the first derivative of -5*o**2/2 - 4*o + 1. Let r be ((-2120)/150 + 4/30)/2. What is the tens digit of n(r)?
3
Let m be (-2)/3 - (-90)/(-27). Let o(p) = -3 + 0 - 7*p + 5*p. What is the units digit of o(m)?
5
Let m(a) = 3*a**2 - 30*a + 46. What is the hundreds digit of m(21)?
7
Suppose 0 = 2*f - h + 6*h - 331, -f + 170 = 4*h. Suppose 2*a - 180 = f. What is the hundreds digit of a?
1
Let u = -22 - -22. Suppose u = -0*r - r + 3. Suppose r*n = -64 + 196. What is the tens digit of n?
4
Let f(m) = m**2 + 5*m - 30. Let p be f(-27). What is the hundreds digit of p/3 - (-16)/(-4)?
1
Let j = -353 + 354. Let f be (-24)/(-2)*34/6. What is the units digit of j - (f/(-2) - 3)?
8
Suppose -37*k 